{"id":21,"date":"2013-02-19T14:00:37","date_gmt":"2013-02-19T14:00:37","guid":{"rendered":"http:\/\/neu.huette-egenhausen.de\/?page_id=21"},"modified":"2021-05-06T16:13:07","modified_gmt":"2021-05-06T16:13:07","slug":"beschreibung","status":"publish","type":"page","link":"https:\/\/huette-egenhausen.de\/","title":{"rendered":"Beschreibung"},"content":{"rendered":"<h5><span style=\"color: #ff0000;\">Die H\u00fctte wird renoviert und kann zur Zeit nicht vermietet werden.<\/span><\/h5>\n<p>H\u00fctte und Zeltplatz f\u00fcr Jugendgruppen<\/p>\n<p><b>Die H\u00fctte des Vereins zur Jugendf\u00f6rderung Rochus Spiecker e.V. steht in einem ehemaligen Steinbruch bei Egenhausen, Gemeinde Werneck.\u00a0 <\/b><\/p>\n<p><b>Allgemeines:<br \/>\n<\/b>H\u00fctte mit einfacher Ausstattung f\u00fcr ca. 15 Personen, besonders f\u00fcr den Sommer geeignet. Gro\u00dfes Vordach.<br \/>\nVor der H\u00fctte Zeltplatz mit ca. 150 qm. Zufahrt nur bis ca. 100m vor der H\u00fctte m\u00f6glich. Ausnahmen (Schl\u00fcssel f\u00fcr Absperrung) auf Anfrage f\u00fcr Behinderte und besondere Transporte nur bei trockenem Wetter m\u00f6glich.<\/p>\n<p><b>R\u00e4ume:<br \/>\n<\/b>&#8211; Aufenthaltsraum mit Ofenheizung<br \/>\n&#8211; Kaminzimmer mit offener Feuerstelle<br \/>\n&#8211; Schlafraum f\u00fcr 8 Personen in 2-st\u00f6ckigen Betten.<br \/>\n&#8211; Kochnische mit Gasherd<br \/>\n&#8211; Waschraum<br \/>\n&#8211; Toilette<\/p>\n<p><b>Ausstattung und Technik:<\/b><br \/>\n&#8211; Elektrisches Licht \u00fcber Solaranlage in allen R\u00e4umen<br \/>\n&#8211; Gasherd in der Kochnische<br \/>\n&#8211; Geschirr und K\u00fcchenger\u00e4te vorhanden (f\u00fcr einfache Anspr\u00fcche!)<br \/>\n&#8211; WC (Sp\u00fclung mit Regenwasser)<br \/>\n&#8211; kein Trinkwasser<\/p>\n<p><b>bitte mitbringen:<\/b><br \/>\n&#8211; Trinkwasser (f\u00fcr K\u00f6rperpflege und Kochen)<br \/>\n&#8211; Brennmaterial f\u00fcr \u00d6fen und Kamin (Holz, Briketts, Kohlen)<br \/>\n&#8211; Bettzeug (Bettbez\u00fcge, Decken, Kissen oder Schlafs\u00e4cke)<br \/>\n&#8211; M\u00fclls\u00e4cke, der M\u00fcll muss mitgenommen werden<\/p>\n","protected":false},"excerpt":{"rendered":"<p>Die H\u00fctte wird renoviert und kann zur Zeit nicht vermietet werden. H\u00fctte und Zeltplatz f\u00fcr Jugendgruppen Die H\u00fctte des Vereins zur Jugendf\u00f6rderung Rochus Spiecker e.V. steht in einem ehemaligen Steinbruch bei Egenhausen, Gemeinde Werneck.\u00a0 Allgemeines: H\u00fctte mit einfacher Ausstattung f\u00fcr ca. 15 Personen, besonders f\u00fcr den Sommer geeignet. Gro\u00dfes Vordach. Vor der H\u00fctte Zeltplatz mit &hellip; <a href=\"https:\/\/huette-egenhausen.de\/\" class=\"more-link\"><span class=\"screen-reader-text\">Beschreibung<\/span> weiterlesen <span class=\"meta-nav\">&rarr;<\/span><\/a><\/p>\n","protected":false},"author":1,"featured_media":0,"parent":0,"menu_order":1,"comment_status":"closed","ping_status":"closed","template":"","meta":{"footnotes":""},"class_list":["post-21","page","type-page","status-publish","hentry"],"_links":{"self":[{"href":"https:\/\/huette-egenhausen.de\/index.php?rest_route=\/wp\/v2\/pages\/21","targetHints":{"allow":["GET"]}}],"collection":[{"href":"https:\/\/huette-egenhausen.de\/index.php?rest_route=\/wp\/v2\/pages"}],"about":[{"href":"https:\/\/huette-egenhausen.de\/index.php?rest_route=\/wp\/v2\/types\/page"}],"author":[{"embeddable":true,"href":"https:\/\/huette-egenhausen.de\/index.php?rest_route=\/wp\/v2\/users\/1"}],"replies":[{"embeddable":true,"href":"https:\/\/huette-egenhausen.de\/index.php?rest_route=%2Fwp%2Fv2%2Fcomments&post=21"}],"version-history":[{"count":14,"href":"https:\/\/huette-egenhausen.de\/index.php?rest_route=\/wp\/v2\/pages\/21\/revisions"}],"predecessor-version":[{"id":222,"href":"https:\/\/huette-egenhausen.de\/index.php?rest_route=\/wp\/v2\/pages\/21\/revisions\/222"}],"wp:attachment":[{"href":"https:\/\/huette-egenhausen.de\/index.php?rest_route=%2Fwp%2Fv2%2Fmedia&parent=21"}],"curies":[{"name":"wp","href":"https:\/\/api.w.org\/{rel}","templated":true}]}}